{"id":1779,"date":"2025-12-19T08:57:46","date_gmt":"2025-12-19T08:57:46","guid":{"rendered":"https:\/\/www.pppy.fi\/?page_id=1779"},"modified":"2025-12-19T08:57:46","modified_gmt":"2025-12-19T08:57:46","slug":"pajari-paiva-15-12-2025","status":"publish","type":"page","link":"https:\/\/www.pppy.fi\/index.php\/pajari-paiva-15-12-2025\/","title":{"rendered":"Pajari-p\u00e4iv\u00e4 15.12.2025"},"content":{"rendered":"\n<p>Pajarip\u00e4iv\u00e4\u00e4 vietettiin j\u00e4lleen Kalevan lukiolla.<\/p>\n\n\n\n<div class=\"wp-block-columns is-layout-flex wp-container-core-columns-is-layout-1 wp-block-columns-is-layout-flex\">\n<div class=\"wp-block-column is-layout-flow wp-block-column-is-layout-flow\">\n<p><\/p>\n\n\n\n<p><\/p>\n\n\n\n<p><\/p>\n\n\n\n<p><\/p>\n\n\n\n<p>Tilaisuus aloitettiin seppeleen laskulla Kalevankaan sankarihaudoilla ja Kenraalimajuri Aaro Pajarin haudalla.<\/p>\n<\/div>\n\n\n\n<div class=\"wp-block-column is-layout-flow wp-block-column-is-layout-flow\">\n<figure class=\"wp-block-image size-large\"><a href=\"https:\/\/www.pppy.fi\/wp-content\/uploads\/2025\/12\/d50e4430-7155-4c27-9a44-3794d3abd3e3.jpg\"><img loading=\"lazy\" decoding=\"async\" width=\"705\" height=\"1024\" src=\"https:\/\/www.pppy.fi\/wp-content\/uploads\/2025\/12\/d50e4430-7155-4c27-9a44-3794d3abd3e3-705x1024.jpg\" alt=\"\" class=\"wp-image-1778\" srcset=\"https:\/\/www.pppy.fi\/wp-content\/uploads\/2025\/12\/d50e4430-7155-4c27-9a44-3794d3abd3e3-705x1024.jpg 705w, https:\/\/www.pppy.fi\/wp-content\/uploads\/2025\/12\/d50e4430-7155-4c27-9a44-3794d3abd3e3-206x300.jpg 206w, https:\/\/www.pppy.fi\/wp-content\/uploads\/2025\/12\/d50e4430-7155-4c27-9a44-3794d3abd3e3-768x1116.jpg 768w, https:\/\/www.pppy.fi\/wp-content\/uploads\/2025\/12\/d50e4430-7155-4c27-9a44-3794d3abd3e3-1057x1536.jpg 1057w, https:\/\/www.pppy.fi\/wp-content\/uploads\/2025\/12\/d50e4430-7155-4c27-9a44-3794d3abd3e3.jpg 1101w\" sizes=\"auto, (max-width: 705px) 100vw, 705px\" \/><\/a><\/figure>\n<\/div>\n<\/div>\n\n\n\n<div class=\"wp-block-columns is-layout-flex wp-container-core-columns-is-layout-2 wp-block-columns-is-layout-flex\">\n<div class=\"wp-block-column is-layout-flow wp-block-column-is-layout-flow\">\n<p>Tilaisuus toteutettiin&nbsp; Aluetoimiston, MPK h\u00e4meenpiirin, Lennoston ja maakuntakomppanioiden yhteisty\u00f6ll\u00e4.<\/p>\n\n\n\n<p>Tilaisuudessaa oli&nbsp; my\u00f6s laaja edustus yhdistyksemme j\u00e4seni\u00e4.<\/p>\n\n\n\n<p>Musiikista vastasi MPK:n soittokunta.<\/p>\n<\/div>\n\n\n\n<div class=\"wp-block-column is-layout-flow wp-block-column-is-layout-flow\">\n<figure class=\"wp-block-image size-large\"><a href=\"https:\/\/www.pppy.fi\/wp-content\/uploads\/2025\/12\/3e24306a-7509-4d52-8878-84c9a6605cad.jpg\"><img loading=\"lazy\" decoding=\"async\" width=\"1024\" height=\"677\" src=\"https:\/\/www.pppy.fi\/wp-content\/uploads\/2025\/12\/3e24306a-7509-4d52-8878-84c9a6605cad-1024x677.jpg\" alt=\"\" class=\"wp-image-1770\" srcset=\"https:\/\/www.pppy.fi\/wp-content\/uploads\/2025\/12\/3e24306a-7509-4d52-8878-84c9a6605cad-1024x677.jpg 1024w, https:\/\/www.pppy.fi\/wp-content\/uploads\/2025\/12\/3e24306a-7509-4d52-8878-84c9a6605cad-300x198.jpg 300w, https:\/\/www.pppy.fi\/wp-content\/uploads\/2025\/12\/3e24306a-7509-4d52-8878-84c9a6605cad-768x508.jpg 768w, https:\/\/www.pppy.fi\/wp-content\/uploads\/2025\/12\/3e24306a-7509-4d52-8878-84c9a6605cad.jpg 1480w\" sizes=\"auto, (max-width: 1024px) 100vw, 1024px\" \/><\/a><\/figure>\n<\/div>\n<\/div>\n\n\n\n<div class=\"wp-block-columns is-layout-flex wp-container-core-columns-is-layout-3 wp-block-columns-is-layout-flex\">\n<div class=\"wp-block-column is-layout-flow wp-block-column-is-layout-flow\">\n<p><\/p>\n\n\n\n<p><\/p>\n\n\n\n<p>Juhlaesitelm\u00e4n toteutti Tuomo Juntunen, aiheena Pajarin suunnitelma Uhtuan valtaamiseksi 1944.<\/p>\n<\/div>\n\n\n\n<div class=\"wp-block-column is-layout-flow wp-block-column-is-layout-flow\">\n<figure class=\"wp-block-image size-large is-resized\"><a href=\"https:\/\/www.pppy.fi\/wp-content\/uploads\/2025\/12\/7dbcebdf-c795-4e37-9670-5990cfb1c7d3.jpg\"><img loading=\"lazy\" decoding=\"async\" width=\"646\" height=\"1024\" src=\"https:\/\/www.pppy.fi\/wp-content\/uploads\/2025\/12\/7dbcebdf-c795-4e37-9670-5990cfb1c7d3-646x1024.jpg\" alt=\"\" class=\"wp-image-1772\" style=\"width:250px;height:auto\" srcset=\"https:\/\/www.pppy.fi\/wp-content\/uploads\/2025\/12\/7dbcebdf-c795-4e37-9670-5990cfb1c7d3-646x1024.jpg 646w, https:\/\/www.pppy.fi\/wp-content\/uploads\/2025\/12\/7dbcebdf-c795-4e37-9670-5990cfb1c7d3-189x300.jpg 189w, https:\/\/www.pppy.fi\/wp-content\/uploads\/2025\/12\/7dbcebdf-c795-4e37-9670-5990cfb1c7d3-768x1217.jpg 768w, https:\/\/www.pppy.fi\/wp-content\/uploads\/2025\/12\/7dbcebdf-c795-4e37-9670-5990cfb1c7d3-969x1536.jpg 969w, https:\/\/www.pppy.fi\/wp-content\/uploads\/2025\/12\/7dbcebdf-c795-4e37-9670-5990cfb1c7d3.jpg 989w\" sizes=\"auto, (max-width: 646px) 100vw, 646px\" \/><\/a><\/figure>\n<\/div>\n<\/div>\n\n\n\n<div class=\"wp-block-columns is-layout-flex wp-container-core-columns-is-layout-4 wp-block-columns-is-layout-flex\">\n<div class=\"wp-block-column is-layout-flow wp-block-column-is-layout-flow\">\n<p>My\u00f6s sotilaskotisisaret olivat paikalla munkkeineen.<\/p>\n\n\n\n<p>Tilaisuus on hienosti vakiinnuttanut paikkansa j\u00e4rjest\u00e4jien yhteisen\u00e4 juhlap\u00e4iv\u00e4n\u00e4, Pajarin Poikien Perinneyhdistyksen toimiessa kokoavana voimana.<\/p>\n<\/div>\n\n\n\n<div class=\"wp-block-column is-layout-flow wp-block-column-is-layout-flow\">\n<figure class=\"wp-block-image size-large is-resized\"><a href=\"https:\/\/www.pppy.fi\/wp-content\/uploads\/2025\/12\/2e470f35-ed61-473e-8ee4-3b15cb301d19.jpg\"><img loading=\"lazy\" decoding=\"async\" width=\"603\" height=\"1024\" src=\"https:\/\/www.pppy.fi\/wp-content\/uploads\/2025\/12\/2e470f35-ed61-473e-8ee4-3b15cb301d19-603x1024.jpg\" alt=\"\" class=\"wp-image-1769\" style=\"width:261px;height:auto\" srcset=\"https:\/\/www.pppy.fi\/wp-content\/uploads\/2025\/12\/2e470f35-ed61-473e-8ee4-3b15cb301d19-603x1024.jpg 603w, https:\/\/www.pppy.fi\/wp-content\/uploads\/2025\/12\/2e470f35-ed61-473e-8ee4-3b15cb301d19-177x300.jpg 177w, https:\/\/www.pppy.fi\/wp-content\/uploads\/2025\/12\/2e470f35-ed61-473e-8ee4-3b15cb301d19-768x1304.jpg 768w, https:\/\/www.pppy.fi\/wp-content\/uploads\/2025\/12\/2e470f35-ed61-473e-8ee4-3b15cb301d19.jpg 810w\" sizes=\"auto, (max-width: 603px) 100vw, 603px\" \/><\/a><\/figure>\n<\/div>\n\n\n\n<div class=\"wp-block-column is-layout-flow wp-block-column-is-layout-flow\">\n<figure class=\"wp-block-image size-large\"><a href=\"https:\/\/www.pppy.fi\/wp-content\/uploads\/2025\/12\/1ea38128-4c3a-46d6-adf2-32d232913225.jpg\"><img loading=\"lazy\" decoding=\"async\" width=\"635\" height=\"1024\" src=\"https:\/\/www.pppy.fi\/wp-content\/uploads\/2025\/12\/1ea38128-4c3a-46d6-adf2-32d232913225-635x1024.jpg\" alt=\"\" class=\"wp-image-1767\" srcset=\"https:\/\/www.pppy.fi\/wp-content\/uploads\/2025\/12\/1ea38128-4c3a-46d6-adf2-32d232913225-635x1024.jpg 635w, https:\/\/www.pppy.fi\/wp-content\/uploads\/2025\/12\/1ea38128-4c3a-46d6-adf2-32d232913225-186x300.jpg 186w, https:\/\/www.pppy.fi\/wp-content\/uploads\/2025\/12\/1ea38128-4c3a-46d6-adf2-32d232913225-768x1238.jpg 768w, https:\/\/www.pppy.fi\/wp-content\/uploads\/2025\/12\/1ea38128-4c3a-46d6-adf2-32d232913225.jpg 915w\" sizes=\"auto, (max-width: 635px) 100vw, 635px\" \/><\/a><\/figure>\n<\/div>\n<\/div>\n\n\n\n<p><\/p>\n","protected":false},"excerpt":{"rendered":"<p>Pajarip\u00e4iv\u00e4\u00e4 vietettiin j\u00e4lleen Kalevan lukiolla. Tilaisuus aloitettiin seppeleen laskulla Kalevankaan sankarihaudoilla ja Kenraalimajuri Aaro Pajarin haudalla. Tilaisuus toteutettiin&nbsp; Aluetoimiston, MPK h\u00e4meenpiirin, Lennoston ja maakuntakomppanioiden yhteisty\u00f6ll\u00e4. Tilaisuudessaa oli&nbsp; my\u00f6s laaja edustus yhdistyksemme j\u00e4seni\u00e4. Musiikista vastasi MPK:n soittokunta. Juhlaesitelm\u00e4n toteutti Tuomo Juntunen, aiheena Pajarin suunnitelma Uhtuan valtaamiseksi 1944. My\u00f6s sotilaskotisisaret olivat paikalla munkkeineen. Tilaisuus on hienosti vakiinnuttanut paikkansa j\u00e4rjest\u00e4jien yhteisen\u00e4 juhlap\u00e4iv\u00e4n\u00e4, Pajarin Poikien Perinneyhdistyksen toimiessa kokoavana voimana.<\/p>\n","protected":false},"author":1,"featured_media":0,"parent":0,"menu_order":0,"comment_status":"closed","ping_status":"closed","template":"","meta":{"footnotes":""},"class_list":["post-1779","page","type-page","status-publish","hentry"],"_links":{"self":[{"href":"https:\/\/www.pppy.fi\/index.php\/wp-json\/wp\/v2\/pages\/1779","targetHints":{"allow":["GET"]}}],"collection":[{"href":"https:\/\/www.pppy.fi\/index.php\/wp-json\/wp\/v2\/pages"}],"about":[{"href":"https:\/\/www.pppy.fi\/index.php\/wp-json\/wp\/v2\/types\/page"}],"author":[{"embeddable":true,"href":"https:\/\/www.pppy.fi\/index.php\/wp-json\/wp\/v2\/users\/1"}],"replies":[{"embeddable":true,"href":"https:\/\/www.pppy.fi\/index.php\/wp-json\/wp\/v2\/comments?post=1779"}],"version-history":[{"count":1,"href":"https:\/\/www.pppy.fi\/index.php\/wp-json\/wp\/v2\/pages\/1779\/revisions"}],"predecessor-version":[{"id":1781,"href":"https:\/\/www.pppy.fi\/index.php\/wp-json\/wp\/v2\/pages\/1779\/revisions\/1781"}],"wp:attachment":[{"href":"https:\/\/www.pppy.fi\/index.php\/wp-json\/wp\/v2\/media?parent=1779"}],"curies":[{"name":"wp","href":"https:\/\/api.w.org\/{rel}","templated":true}]}}

Pajari-päivä 15.12.2025

<p>Pajaripäivää vietettiin jälleen Kalevan lukiolla.</p>



<div class="wp-block-columns is-layout-flex wp-container-core-columns-is-layout-1 wp-block-columns-is-layout-flex">
<div class="wp-block-column is-layout-flow wp-block-column-is-layout-flow">
<p></p>



<p></p>



<p></p>



<p></p>



<p>Tilaisuus aloitettiin seppeleen laskulla Kalevankaan sankarihaudoilla ja Kenraalimajuri Aaro Pajarin haudalla.</p>
</div>



<div class="wp-block-column is-layout-flow wp-block-column-is-layout-flow">
<figure class="wp-block-image size-large"><a href="https://www.pppy.fi/wp-content/uploads/2025/12/d50e4430-7155-4c27-9a44-3794d3abd3e3.jpg"><img loading="lazy" decoding="async" width="705" height="1024" src="https://www.pppy.fi/wp-content/uploads/2025/12/d50e4430-7155-4c27-9a44-3794d3abd3e3-705x1024.jpg" alt="" class="wp-image-1778" srcset="https://www.pppy.fi/wp-content/uploads/2025/12/d50e4430-7155-4c27-9a44-3794d3abd3e3-705x1024.jpg 705w, https://www.pppy.fi/wp-content/uploads/2025/12/d50e4430-7155-4c27-9a44-3794d3abd3e3-206x300.jpg 206w, https://www.pppy.fi/wp-content/uploads/2025/12/d50e4430-7155-4c27-9a44-3794d3abd3e3-768x1116.jpg 768w, https://www.pppy.fi/wp-content/uploads/2025/12/d50e4430-7155-4c27-9a44-3794d3abd3e3-1057x1536.jpg 1057w, https://www.pppy.fi/wp-content/uploads/2025/12/d50e4430-7155-4c27-9a44-3794d3abd3e3.jpg 1101w" sizes="auto, (max-width: 705px) 100vw, 705px" /></a></figure>
</div>
</div>



<div class="wp-block-columns is-layout-flex wp-container-core-columns-is-layout-2 wp-block-columns-is-layout-flex">
<div class="wp-block-column is-layout-flow wp-block-column-is-layout-flow">
<p>Tilaisuus toteutettiin&nbsp; Aluetoimiston, MPK hämeenpiirin, Lennoston ja maakuntakomppanioiden yhteistyöllä.</p>



<p>Tilaisuudessaa oli&nbsp; myös laaja edustus yhdistyksemme jäseniä.</p>



<p>Musiikista vastasi MPK:n soittokunta.</p>
</div>



<div class="wp-block-column is-layout-flow wp-block-column-is-layout-flow">
<figure class="wp-block-image size-large"><a href="https://www.pppy.fi/wp-content/uploads/2025/12/3e24306a-7509-4d52-8878-84c9a6605cad.jpg"><img loading="lazy" decoding="async" width="1024" height="677" src="https://www.pppy.fi/wp-content/uploads/2025/12/3e24306a-7509-4d52-8878-84c9a6605cad-1024x677.jpg" alt="" class="wp-image-1770" srcset="https://www.pppy.fi/wp-content/uploads/2025/12/3e24306a-7509-4d52-8878-84c9a6605cad-1024x677.jpg 1024w, https://www.pppy.fi/wp-content/uploads/2025/12/3e24306a-7509-4d52-8878-84c9a6605cad-300x198.jpg 300w, https://www.pppy.fi/wp-content/uploads/2025/12/3e24306a-7509-4d52-8878-84c9a6605cad-768x508.jpg 768w, https://www.pppy.fi/wp-content/uploads/2025/12/3e24306a-7509-4d52-8878-84c9a6605cad.jpg 1480w" sizes="auto, (max-width: 1024px) 100vw, 1024px" /></a></figure>
</div>
</div>



<div class="wp-block-columns is-layout-flex wp-container-core-columns-is-layout-3 wp-block-columns-is-layout-flex">
<div class="wp-block-column is-layout-flow wp-block-column-is-layout-flow">
<p></p>



<p></p>



<p>Juhlaesitelmän toteutti Tuomo Juntunen, aiheena Pajarin suunnitelma Uhtuan valtaamiseksi 1944.</p>
</div>



<div class="wp-block-column is-layout-flow wp-block-column-is-layout-flow">
<figure class="wp-block-image size-large is-resized"><a href="https://www.pppy.fi/wp-content/uploads/2025/12/7dbcebdf-c795-4e37-9670-5990cfb1c7d3.jpg"><img loading="lazy" decoding="async" width="646" height="1024" src="https://www.pppy.fi/wp-content/uploads/2025/12/7dbcebdf-c795-4e37-9670-5990cfb1c7d3-646x1024.jpg" alt="" class="wp-image-1772" style="width:250px;height:auto" srcset="https://www.pppy.fi/wp-content/uploads/2025/12/7dbcebdf-c795-4e37-9670-5990cfb1c7d3-646x1024.jpg 646w, https://www.pppy.fi/wp-content/uploads/2025/12/7dbcebdf-c795-4e37-9670-5990cfb1c7d3-189x300.jpg 189w, https://www.pppy.fi/wp-content/uploads/2025/12/7dbcebdf-c795-4e37-9670-5990cfb1c7d3-768x1217.jpg 768w, https://www.pppy.fi/wp-content/uploads/2025/12/7dbcebdf-c795-4e37-9670-5990cfb1c7d3-969x1536.jpg 969w, https://www.pppy.fi/wp-content/uploads/2025/12/7dbcebdf-c795-4e37-9670-5990cfb1c7d3.jpg 989w" sizes="auto, (max-width: 646px) 100vw, 646px" /></a></figure>
</div>
</div>



<div class="wp-block-columns is-layout-flex wp-container-core-columns-is-layout-4 wp-block-columns-is-layout-flex">
<div class="wp-block-column is-layout-flow wp-block-column-is-layout-flow">
<p>Myös sotilaskotisisaret olivat paikalla munkkeineen.</p>



<p>Tilaisuus on hienosti vakiinnuttanut paikkansa järjestäjien yhteisenä juhlapäivänä, Pajarin Poikien Perinneyhdistyksen toimiessa kokoavana voimana.</p>
</div>



<div class="wp-block-column is-layout-flow wp-block-column-is-layout-flow">
<figure class="wp-block-image size-large is-resized"><a href="https://www.pppy.fi/wp-content/uploads/2025/12/2e470f35-ed61-473e-8ee4-3b15cb301d19.jpg"><img loading="lazy" decoding="async" width="603" height="1024" src="https://www.pppy.fi/wp-content/uploads/2025/12/2e470f35-ed61-473e-8ee4-3b15cb301d19-603x1024.jpg" alt="" class="wp-image-1769" style="width:261px;height:auto" srcset="https://www.pppy.fi/wp-content/uploads/2025/12/2e470f35-ed61-473e-8ee4-3b15cb301d19-603x1024.jpg 603w, https://www.pppy.fi/wp-content/uploads/2025/12/2e470f35-ed61-473e-8ee4-3b15cb301d19-177x300.jpg 177w, https://www.pppy.fi/wp-content/uploads/2025/12/2e470f35-ed61-473e-8ee4-3b15cb301d19-768x1304.jpg 768w, https://www.pppy.fi/wp-content/uploads/2025/12/2e470f35-ed61-473e-8ee4-3b15cb301d19.jpg 810w" sizes="auto, (max-width: 603px) 100vw, 603px" /></a></figure>
</div>



<div class="wp-block-column is-layout-flow wp-block-column-is-layout-flow">
<figure class="wp-block-image size-large"><a href="https://www.pppy.fi/wp-content/uploads/2025/12/1ea38128-4c3a-46d6-adf2-32d232913225.jpg"><img loading="lazy" decoding="async" width="635" height="1024" src="https://www.pppy.fi/wp-content/uploads/2025/12/1ea38128-4c3a-46d6-adf2-32d232913225-635x1024.jpg" alt="" class="wp-image-1767" srcset="https://www.pppy.fi/wp-content/uploads/2025/12/1ea38128-4c3a-46d6-adf2-32d232913225-635x1024.jpg 635w, https://www.pppy.fi/wp-content/uploads/2025/12/1ea38128-4c3a-46d6-adf2-32d232913225-186x300.jpg 186w, https://www.pppy.fi/wp-content/uploads/2025/12/1ea38128-4c3a-46d6-adf2-32d232913225-768x1238.jpg 768w, https://www.pppy.fi/wp-content/uploads/2025/12/1ea38128-4c3a-46d6-adf2-32d232913225.jpg 915w" sizes="auto, (max-width: 635px) 100vw, 635px" /></a></figure>
</div>
</div>



<p></p>

<p>Pajaripäivää vietettiin jälleen Kalevan lukiolla. Tilaisuus aloitettiin seppeleen laskulla Kalevankaan sankarihaudoilla ja Kenraalimajuri Aaro Pajarin haudalla. Tilaisuus toteutettiin&nbsp; Aluetoimiston, MPK hämeenpiirin, Lennoston ja maakuntakomppanioiden yhteistyöllä. Tilaisuudessaa oli&nbsp; myös laaja edustus yhdistyksemme jäseniä. Musiikista vastasi MPK:n soittokunta. Juhlaesitelmän toteutti Tuomo Juntunen, aiheena Pajarin suunnitelma Uhtuan valtaamiseksi 1944. Myös sotilaskotisisaret olivat paikalla munkkeineen. Tilaisuus on hienosti vakiinnuttanut paikkansa järjestäjien yhteisenä juhlapäivänä, Pajarin Poikien Perinneyhdistyksen toimiessa kokoavana voimana.</p>
