{"id":1717,"date":"2025-03-10T17:20:22","date_gmt":"2025-03-10T17:20:22","guid":{"rendered":"https:\/\/www.pppy.fi\/?page_id=1717"},"modified":"2025-03-10T17:20:23","modified_gmt":"2025-03-10T17:20:23","slug":"toimintasuunnitelma-2025","status":"publish","type":"page","link":"https:\/\/www.pppy.fi\/index.php\/toimintasuunnitelma-2025\/","title":{"rendered":"Toimintasuunnitelma 2025"},"content":{"rendered":"\n<p>hdistyksen tarkoituksena on edist\u00e4\u00e4 sotahistorian tuntemusta ja harrastusta. Tarkoituksensa toteuttamiseksi yhdistys harjoittaa sotahistoriallista tutkimustoimintaa sek\u00e4 taltiointia. Yhdistys pit\u00e4\u00e4 em liittyvi\u00e4 esitelm\u00e4tilaisuuksia ja j\u00e4rjest\u00e4\u00e4 sotahistoriallisia matkoja.<\/p>\n\n\n\n<p><strong>Vuoden 2025 yleisteemat<\/strong><\/p>\n\n\n\n<ul class=\"wp-block-list\">\n<li>jatketaan Pajari-kokoelman tutkimista Kansallisarkistossa, Tietopankki-projektia pohjoish\u00e4m\u00e4l\u00e4isten sotatiest\u00e4 ja Pajarin joukkojen taistelupaikkojen dokumentointia<\/li>\n\n\n\n<li>jatketaan sotaveteraanien ja heid\u00e4n j\u00e4lkel\u00e4istens\u00e4 haastatteluja<\/li>\n\n\n\n<li>j\u00e4rjestet\u00e4\u00e4n matkoja ja osallistutaan muiden yhdistysten sotahistoriallisiin matkoihin<\/li>\n\n\n\n<li>luennoidaan Pajari-aiheista kutsujen mukaan<\/li>\n\n\n\n<li>jatketaan yhteistoimintaa Pirkanmaan Aluetoimiston, MPK H\u00e4meen maanpuolustus-piirin ja maakuntakomppanioiden kanssa<\/li>\n\n\n\n<li>osallistutaan perustajaj\u00e4senen\u00e4 Sotien 1939-1945 Pirkanmaan Perinneyhdistys ry:n toimintaan<\/li>\n<\/ul>\n\n\n\n<p><strong>Omaa toimintaa<\/strong><\/p>\n\n\n\n<ul class=\"wp-block-list\">\n<li><strong>Vuosikokous ti 18.3.2025 klo 18.00, Vaskit\u00e4hti<\/strong><\/li>\n\n\n\n<li><strong>Sotahistoria- ja kulttuurimatka \u201dLinnakesaarikierros\u201d 10.- 12.6.2025 &#8211; Kylm\u00e4pihlaja, Kuuskajaskari, Bengtsk\u00e4r ja Russar\u00f6<\/strong><\/li>\n\n\n\n<li> <strong>Sotahistoria- ja kulttuurimatka 12.- 14.9.2025 &#8211; Porkkala ja Ahvenanmaa &#8211; yt VAPETAS<\/strong><\/li>\n\n\n\n<li><strong>Kerhoilta loka-marraskuussa, Vaskit\u00e4hti<\/strong><\/li>\n\n\n\n<li><strong>Pajari-p\u00e4iv\u00e4n tilaisuudet ma 15.12.2025<\/strong> &#8211; <strong>klo 16.30<\/strong> kunniak\u00e4ynti Sankariristill\u00e4 ja A.O. Pajarin haudalla, <strong>klo 17.30<\/strong> P\u00e4\u00e4juhla Kalevan lukiolla<\/li>\n<\/ul>\n\n\n\n<p><strong>Osallistutaan <\/strong>muiden vuonna 2025 j\u00e4rjest\u00e4miin tilaisuuksiin ja tapahtumiin &#8211; erikseen sopien PPPY:n kantolipun kanssa:<\/p>\n\n\n\n<ul class=\"wp-block-list\">\n<li><strong>su 26.1. <\/strong>&#8211; Tammisunnuntain tilaisuudet<\/li>\n\n\n\n<li><strong>pe 31.1. klo 14.00<\/strong> &#8211; kunniak\u00e4ynti Suinulan muistomerkill\u00e4<\/li>\n\n\n\n<li><strong>ma 24.2. klo 17 <\/strong>&#8211; kunniak\u00e4ynti Viron vapaussodassa kaatuneitten suomalaisten muistokivell\u00e4 Kalevankankaalla<\/li>\n\n\n\n<li><strong>to 13.3. <\/strong>&#8211; Talvisodan p\u00e4\u00e4ttymisen kunniak\u00e4ynti Kalevankankaalla ja kirkkoilta<\/li>\n\n\n\n<li><strong>su 6.4. klo 12.00<\/strong> &#8211; Tampereen valtauksen kunniak\u00e4ynti Kalevankankaalla<\/li>\n\n\n\n<li><strong>pe 16.5.<\/strong> &#8211; Vapaussodan p\u00e4\u00e4ttymisen vuosip\u00e4iv\u00e4n kunniak\u00e4ynti Vapaudenpatsaalla H\u00e4meenpuistossa<\/li>\n\n\n\n<li><strong>su 18.5.<\/strong> &#8211; Kaatuneitten muistop\u00e4iv\u00e4n kunniak\u00e4ynnit Kalevankankaalla ja Suinulassa<\/li>\n\n\n\n<li><strong>la 24.5. <\/strong>&#8211; Vapaussodan Perinneliiton Kes\u00e4p\u00e4iv\u00e4, M\u00e4ntt\u00e4-Vilppula<\/li>\n\n\n\n<li><strong>ke 4.6.<\/strong> &#8211; <strong>klo 12.00 <\/strong>Puolustusvoimien lippujuhlap\u00e4iv\u00e4n tilaisuus Kalevankankaalla ja <strong>klo 18.00<\/strong> kunniak\u00e4ynti Mannerheimin patsaalla Vehmaisissa<\/li>\n\n\n\n<li><strong>to 9.10. klo 18.00<\/strong> &#8211; Talvisodan YH-p\u00e4iv\u00e4n juhla Kalevan lukiolla<\/li>\n\n\n\n<li><strong>la 6.12.<\/strong> &#8211; Itsen\u00e4isyysp\u00e4iv\u00e4n juhlallisuudet<\/li>\n<\/ul>\n\n\n\n<p><strong>Muiden yhdistysten sotahistoriaesitelmist\u00e4 ja -matkoista ilmoitetaan s\u00e4hk\u00f6postitse.<\/strong><\/p>\n","protected":false},"excerpt":{"rendered":"<p>hdistyksen tarkoituksena on edist\u00e4\u00e4 sotahistorian tuntemusta ja harrastusta. Tarkoituksensa toteuttamiseksi yhdistys harjoittaa sotahistoriallista tutkimustoimintaa sek\u00e4 taltiointia. Yhdistys pit\u00e4\u00e4 em liittyvi\u00e4 esitelm\u00e4tilaisuuksia ja j\u00e4rjest\u00e4\u00e4 sotahistoriallisia matkoja. Vuoden 2025 yleisteemat Omaa toimintaa Osallistutaan muiden vuonna 2025 j\u00e4rjest\u00e4miin tilaisuuksiin ja tapahtumiin &#8211; erikseen sopien PPPY:n kantolipun kanssa: Muiden yhdistysten sotahistoriaesitelmist\u00e4 ja -matkoista ilmoitetaan s\u00e4hk\u00f6postitse.<\/p>\n","protected":false},"author":1,"featured_media":0,"parent":0,"menu_order":0,"comment_status":"closed","ping_status":"closed","template":"","meta":{"footnotes":""},"class_list":["post-1717","page","type-page","status-publish","hentry"],"_links":{"self":[{"href":"https:\/\/www.pppy.fi\/index.php\/wp-json\/wp\/v2\/pages\/1717","targetHints":{"allow":["GET"]}}],"collection":[{"href":"https:\/\/www.pppy.fi\/index.php\/wp-json\/wp\/v2\/pages"}],"about":[{"href":"https:\/\/www.pppy.fi\/index.php\/wp-json\/wp\/v2\/types\/page"}],"author":[{"embeddable":true,"href":"https:\/\/www.pppy.fi\/index.php\/wp-json\/wp\/v2\/users\/1"}],"replies":[{"embeddable":true,"href":"https:\/\/www.pppy.fi\/index.php\/wp-json\/wp\/v2\/comments?post=1717"}],"version-history":[{"count":2,"href":"https:\/\/www.pppy.fi\/index.php\/wp-json\/wp\/v2\/pages\/1717\/revisions"}],"predecessor-version":[{"id":1719,"href":"https:\/\/www.pppy.fi\/index.php\/wp-json\/wp\/v2\/pages\/1717\/revisions\/1719"}],"wp:attachment":[{"href":"https:\/\/www.pppy.fi\/index.php\/wp-json\/wp\/v2\/media?parent=1717"}],"curies":[{"name":"wp","href":"https:\/\/api.w.org\/{rel}","templated":true}]}}

<p>hdistyksen tarkoituksena on edistää sotahistorian tuntemusta ja harrastusta. Tarkoituksensa toteuttamiseksi yhdistys harjoittaa sotahistoriallista tutkimustoimintaa sekä taltiointia. Yhdistys pitää em liittyviä esitelmätilaisuuksia ja järjestää sotahistoriallisia matkoja.</p>



<p><strong>Vuoden 2025 yleisteemat</strong></p>



<ul class="wp-block-list">
<li>jatketaan Pajari-kokoelman tutkimista Kansallisarkistossa, Tietopankki-projektia pohjoishämäläisten sotatiestä ja Pajarin joukkojen taistelupaikkojen dokumentointia</li>



<li>jatketaan sotaveteraanien ja heidän jälkeläistensä haastatteluja</li>



<li>järjestetään matkoja ja osallistutaan muiden yhdistysten sotahistoriallisiin matkoihin</li>



<li>luennoidaan Pajari-aiheista kutsujen mukaan</li>



<li>jatketaan yhteistoimintaa Pirkanmaan Aluetoimiston, MPK Hämeen maanpuolustus-piirin ja maakuntakomppanioiden kanssa</li>



<li>osallistutaan perustajajäsenenä Sotien 1939-1945 Pirkanmaan Perinneyhdistys ry:n toimintaan</li>
</ul>



<p><strong>Omaa toimintaa</strong></p>



<ul class="wp-block-list">
<li><strong>Vuosikokous ti 18.3.2025 klo 18.00, Vaskitähti</strong></li>



<li><strong>Sotahistoria- ja kulttuurimatka ”Linnakesaarikierros” 10.- 12.6.2025 &#8211; Kylmäpihlaja, Kuuskajaskari, Bengtskär ja Russarö</strong></li>



<li> <strong>Sotahistoria- ja kulttuurimatka 12.- 14.9.2025 &#8211; Porkkala ja Ahvenanmaa &#8211; yt VAPETAS</strong></li>



<li><strong>Kerhoilta loka-marraskuussa, Vaskitähti</strong></li>



<li><strong>Pajari-päivän tilaisuudet ma 15.12.2025</strong> &#8211; <strong>klo 16.30</strong> kunniakäynti Sankariristillä ja A.O. Pajarin haudalla, <strong>klo 17.30</strong> Pääjuhla Kalevan lukiolla</li>
</ul>



<p><strong>Osallistutaan </strong>muiden vuonna 2025 järjestämiin tilaisuuksiin ja tapahtumiin &#8211; erikseen sopien PPPY:n kantolipun kanssa:</p>



<ul class="wp-block-list">
<li><strong>su 26.1. </strong>&#8211; Tammisunnuntain tilaisuudet</li>



<li><strong>pe 31.1. klo 14.00</strong> &#8211; kunniakäynti Suinulan muistomerkillä</li>



<li><strong>ma 24.2. klo 17 </strong>&#8211; kunniakäynti Viron vapaussodassa kaatuneitten suomalaisten muistokivellä Kalevankankaalla</li>



<li><strong>to 13.3. </strong>&#8211; Talvisodan päättymisen kunniakäynti Kalevankankaalla ja kirkkoilta</li>



<li><strong>su 6.4. klo 12.00</strong> &#8211; Tampereen valtauksen kunniakäynti Kalevankankaalla</li>



<li><strong>pe 16.5.</strong> &#8211; Vapaussodan päättymisen vuosipäivän kunniakäynti Vapaudenpatsaalla Hämeenpuistossa</li>



<li><strong>su 18.5.</strong> &#8211; Kaatuneitten muistopäivän kunniakäynnit Kalevankankaalla ja Suinulassa</li>



<li><strong>la 24.5. </strong>&#8211; Vapaussodan Perinneliiton Kesäpäivä, Mänttä-Vilppula</li>



<li><strong>ke 4.6.</strong> &#8211; <strong>klo 12.00 </strong>Puolustusvoimien lippujuhlapäivän tilaisuus Kalevankankaalla ja <strong>klo 18.00</strong> kunniakäynti Mannerheimin patsaalla Vehmaisissa</li>



<li><strong>to 9.10. klo 18.00</strong> &#8211; Talvisodan YH-päivän juhla Kalevan lukiolla</li>



<li><strong>la 6.12.</strong> &#8211; Itsenäisyyspäivän juhlallisuudet</li>
</ul>



<p><strong>Muiden yhdistysten sotahistoriaesitelmistä ja -matkoista ilmoitetaan sähköpostitse.</strong></p>

<p>hdistyksen tarkoituksena on edistää sotahistorian tuntemusta ja harrastusta. Tarkoituksensa toteuttamiseksi yhdistys harjoittaa sotahistoriallista tutkimustoimintaa sekä taltiointia. Yhdistys pitää em liittyviä esitelmätilaisuuksia ja järjestää sotahistoriallisia matkoja. Vuoden 2025 yleisteemat Omaa toimintaa Osallistutaan muiden vuonna 2025 järjestämiin tilaisuuksiin ja tapahtumiin &#8211; erikseen sopien PPPY:n kantolipun kanssa: Muiden yhdistysten sotahistoriaesitelmistä ja -matkoista ilmoitetaan sähköpostitse.</p>
