{"id":1645,"date":"2024-11-29T08:30:31","date_gmt":"2024-11-29T08:30:31","guid":{"rendered":"https:\/\/www.pppy.fi\/?page_id=1645"},"modified":"2026-03-11T07:31:57","modified_gmt":"2026-03-11T07:31:57","slug":"aiemmat-tapahtumat","status":"publish","type":"page","link":"https:\/\/www.pppy.fi\/index.php\/aiemmat-tapahtumat\/","title":{"rendered":"Aiemmat tapahtumat"},"content":{"rendered":"\n<div style=\"height:21px\" aria-hidden=\"true\" class=\"wp-block-spacer\"><\/div>\n\n\n\n<div class=\"wp-block-columns are-vertically-aligned-bottom is-layout-flex wp-container-core-columns-is-layout-3 wp-block-columns-is-layout-flex\">\n<div class=\"wp-block-column is-vertically-aligned-bottom is-layout-flow wp-block-column-is-layout-flow\">\n<h2 class=\"wp-block-heading has-text-align-center\"><\/h2>\n\n\n\n<div class=\"wp-block-columns is-layout-flex wp-container-core-columns-is-layout-1 wp-block-columns-is-layout-flex\">\n<div class=\"wp-block-column is-layout-flow wp-block-column-is-layout-flow\">\n<h2 class=\"wp-block-heading\"><strong>Asikkalassa syntyneet-juhlan\u00e4yttely<\/strong><\/h2>\n\n\n\n<figure class=\"wp-block-image size-large\"><a href=\"https:\/\/www.pppy.fi\/wp-content\/uploads\/2024\/11\/IMG_4128-Tammenlehvatalolla-kuva-Hele.jpg\"><img loading=\"lazy\" decoding=\"async\" width=\"1024\" height=\"732\" src=\"https:\/\/www.pppy.fi\/wp-content\/uploads\/2024\/11\/IMG_4128-Tammenlehvatalolla-kuva-Hele-1024x732.jpg\" alt=\"\" class=\"wp-image-1651\" srcset=\"https:\/\/www.pppy.fi\/wp-content\/uploads\/2024\/11\/IMG_4128-Tammenlehvatalolla-kuva-Hele-1024x732.jpg 1024w, https:\/\/www.pppy.fi\/wp-content\/uploads\/2024\/11\/IMG_4128-Tammenlehvatalolla-kuva-Hele-300x214.jpg 300w, https:\/\/www.pppy.fi\/wp-content\/uploads\/2024\/11\/IMG_4128-Tammenlehvatalolla-kuva-Hele-768x549.jpg 768w, https:\/\/www.pppy.fi\/wp-content\/uploads\/2024\/11\/IMG_4128-Tammenlehvatalolla-kuva-Hele-1536x1098.jpg 1536w, https:\/\/www.pppy.fi\/wp-content\/uploads\/2024\/11\/IMG_4128-Tammenlehvatalolla-kuva-Hele.jpg 1919w\" sizes=\"auto, (max-width: 1024px) 100vw, 1024px\" \/><\/a><\/figure>\n\n\n\n<div class=\"wp-block-buttons is-layout-flex wp-block-buttons-is-layout-flex\">\n<div class=\"wp-block-button\"><a class=\"wp-block-button__link wp-element-button\" href=\"https:\/\/www.pppy.fi\/index.php\/asikkalassa-syntyneet-juhlanayttely\/\">Lue lis\u00e4\u00e4<\/a><\/div>\n<\/div>\n<\/div>\n\n\n\n<div class=\"wp-block-column is-layout-flow wp-block-column-is-layout-flow\"><\/div>\n\n\n\n<div class=\"wp-block-column is-layout-flow wp-block-column-is-layout-flow\">\n<h2 class=\"wp-block-heading\"><strong><strong>Pajarin p\u00e4iv\u00e4 12.12.2023<\/strong><\/strong><\/h2>\n\n\n\n<figure class=\"wp-block-image size-large\"><a href=\"https:\/\/www.pppy.fi\/wp-content\/uploads\/2024\/03\/@sirkkaojala-DSC07425.jpg\"><img loading=\"lazy\" decoding=\"async\" width=\"1024\" height=\"664\" src=\"https:\/\/www.pppy.fi\/wp-content\/uploads\/2024\/03\/@sirkkaojala-DSC07425-1024x664.jpg\" alt=\"\" class=\"wp-image-1594\" srcset=\"https:\/\/www.pppy.fi\/wp-content\/uploads\/2024\/03\/@sirkkaojala-DSC07425-1024x664.jpg 1024w, https:\/\/www.pppy.fi\/wp-content\/uploads\/2024\/03\/@sirkkaojala-DSC07425-300x194.jpg 300w, https:\/\/www.pppy.fi\/wp-content\/uploads\/2024\/03\/@sirkkaojala-DSC07425-768x498.jpg 768w, https:\/\/www.pppy.fi\/wp-content\/uploads\/2024\/03\/@sirkkaojala-DSC07425-1536x995.jpg 1536w, https:\/\/www.pppy.fi\/wp-content\/uploads\/2024\/03\/@sirkkaojala-DSC07425.jpg 2048w\" sizes=\"auto, (max-width: 1024px) 100vw, 1024px\" \/><\/a><\/figure>\n\n\n\n<div class=\"wp-block-buttons is-layout-flex wp-block-buttons-is-layout-flex\">\n<div class=\"wp-block-button\"><a class=\"wp-block-button__link wp-element-button\" href=\"https:\/\/www.pppy.fi\/index.php\/pajari-paiva-12-12-2023\/\">Lue lis\u00e4\u00e4<\/a><\/div>\n<\/div>\n<\/div>\n<\/div>\n\n\n\n<div class=\"wp-block-columns is-layout-flex wp-container-core-columns-is-layout-2 wp-block-columns-is-layout-flex\">\n<div class=\"wp-block-column is-layout-flow wp-block-column-is-layout-flow\">\n<h2 class=\"wp-block-heading\">Sotahistoria- ja kulttuurimatka Ruotsiin ja Norjaan 24. &#8211; 29.4.2023<\/h2>\n<\/div>\n\n\n\n<div class=\"wp-block-column is-layout-flow wp-block-column-is-layout-flow\">\n<h2 class=\"wp-block-heading\">Sotahistoria- ja kulttuurimatka Viroon<\/h2>\n\n\n\n<p>26.5 &#8211; 29.5.2022<\/p>\n<\/div>\n<\/div>\n<\/div>\n<\/div>\n\n\n\n<div class=\"wp-block-columns is-layout-flex wp-container-core-columns-is-layout-5 wp-block-columns-is-layout-flex\">\n<div class=\"wp-block-column is-layout-flow wp-block-column-is-layout-flow\">\n<div class=\"wp-block-columns is-layout-flex wp-container-core-columns-is-layout-4 wp-block-columns-is-layout-flex\">\n<div class=\"wp-block-column is-layout-flow wp-block-column-is-layout-flow\">\n<div class=\"wp-block-cover\" style=\"min-height:225px;aspect-ratio:unset;\"><span aria-hidden=\"true\" class=\"wp-block-cover__background has-background-dim-0 has-background-dim\"><\/span><img loading=\"lazy\" decoding=\"async\" width=\"1714\" height=\"2560\" class=\"wp-block-cover__image-background wp-image-1114\" alt=\"\" src=\"http:\/\/www.pppy.fi\/wp-content\/uploads\/2023\/03\/kuvapankki_vene3-scaled.jpg\" data-object-fit=\"cover\" srcset=\"https:\/\/www.pppy.fi\/wp-content\/uploads\/2023\/03\/kuvapankki_vene3-scaled.jpg 1714w, https:\/\/www.pppy.fi\/wp-content\/uploads\/2023\/03\/kuvapankki_vene3-201x300.jpg 201w, https:\/\/www.pppy.fi\/wp-content\/uploads\/2023\/03\/kuvapankki_vene3-685x1024.jpg 685w, https:\/\/www.pppy.fi\/wp-content\/uploads\/2023\/03\/kuvapankki_vene3-768x1147.jpg 768w, https:\/\/www.pppy.fi\/wp-content\/uploads\/2023\/03\/kuvapankki_vene3-1028x1536.jpg 1028w, https:\/\/www.pppy.fi\/wp-content\/uploads\/2023\/03\/kuvapankki_vene3-1371x2048.jpg 1371w\" sizes=\"auto, (max-width: 1714px) 100vw, 1714px\" \/><div class=\"wp-block-cover__inner-container is-layout-flow wp-block-cover-is-layout-flow\">\n<p class=\"has-text-align-center has-large-font-size\"><\/p>\n<\/div><\/div>\n\n\n\n<div class=\"wp-block-buttons is-layout-flex wp-block-buttons-is-layout-flex\">\n<div class=\"wp-block-button\"><a class=\"wp-block-button__link wp-element-button\" href=\"https:\/\/www.pppy.fi\/index.php\/sotahistoria-ja-kulttuurimatka-ruotsiin-ja-norjaan-24-29-4-2023\/\">Lue lis\u00e4\u00e4<\/a><\/div>\n<\/div>\n<\/div>\n\n\n\n<div class=\"wp-block-column is-layout-flow wp-block-column-is-layout-flow\">\n<div class=\"wp-block-cover is-light\" style=\"min-height:225px;aspect-ratio:unset;\"><span aria-hidden=\"true\" class=\"wp-block-cover__background has-background-dim-0 has-background-dim\"><\/span><img loading=\"lazy\" decoding=\"async\" width=\"842\" height=\"595\" class=\"wp-block-cover__image-background wp-image-927\" alt=\"\" src=\"http:\/\/www.pppy.fi\/wp-content\/uploads\/2023\/01\/sivu_1_matkakertomus_pppy.jpg\" data-object-fit=\"cover\" srcset=\"https:\/\/www.pppy.fi\/wp-content\/uploads\/2023\/01\/sivu_1_matkakertomus_pppy.jpg 842w, https:\/\/www.pppy.fi\/wp-content\/uploads\/2023\/01\/sivu_1_matkakertomus_pppy-300x212.jpg 300w, https:\/\/www.pppy.fi\/wp-content\/uploads\/2023\/01\/sivu_1_matkakertomus_pppy-768x543.jpg 768w\" sizes=\"auto, (max-width: 842px) 100vw, 842px\" \/><div class=\"wp-block-cover__inner-container is-layout-flow wp-block-cover-is-layout-flow\">\n<p class=\"has-text-align-center has-large-font-size\"><\/p>\n<\/div><\/div>\n\n\n\n<div class=\"wp-block-buttons is-layout-flex wp-block-buttons-is-layout-flex\">\n<div class=\"wp-block-button\"><a class=\"wp-block-button__link wp-element-button\" href=\"https:\/\/www.pppy.fi\/index.php\/sotahistoria-ja-kulttuurimatka-viroon\/\">Lue lis\u00e4\u00e4<\/a><\/div>\n<\/div>\n<\/div>\n<\/div>\n<\/div>\n<\/div>\n\n\n\n<div class=\"wp-block-columns is-layout-flex wp-container-core-columns-is-layout-6 wp-block-columns-is-layout-flex\">\n<div class=\"wp-block-column is-layout-flow wp-block-column-is-layout-flow\"><\/div>\n<\/div>\n\n\n\n<div style=\"height:50px\" aria-hidden=\"true\" class=\"wp-block-spacer\"><\/div>\n\n\n\n<div class=\"wp-block-columns are-vertically-aligned-bottom is-layout-flex wp-container-core-columns-is-layout-7 wp-block-columns-is-layout-flex\">\n<div class=\"wp-block-column is-vertically-aligned-bottom is-layout-flow wp-block-column-is-layout-flow\">\n<h2 class=\"wp-block-heading has-text-align-center\"><strong>Tiedustelu- ja kellotusmatka Viroon 9. \u2013 10.3.2022<\/strong><\/h2>\n<\/div>\n\n\n\n<div class=\"wp-block-column is-vertically-aligned-bottom is-layout-flow wp-block-column-is-layout-flow\">\n<h2 class=\"wp-block-heading has-text-align-center\"><strong>Pajun taistelun muistop\u00e4iv\u00e4<\/strong> <strong>31.1.2022<\/strong><\/h2>\n<\/div>\n\n\n\n<div class=\"wp-block-column is-vertically-aligned-bottom is-layout-flow wp-block-column-is-layout-flow\">\n<h2 class=\"wp-block-heading has-text-align-center\"><strong>Jatkosodan alkamisen 80-v muistojuhla<\/strong> <strong>31.7.2021<\/strong><\/h2>\n<\/div>\n<\/div>\n\n\n\n<div class=\"wp-block-columns is-layout-flex wp-container-core-columns-is-layout-8 wp-block-columns-is-layout-flex\">\n<div class=\"wp-block-column is-layout-flow wp-block-column-is-layout-flow\">\n<div class=\"wp-block-cover\" style=\"min-height:225px;aspect-ratio:unset;\"><span aria-hidden=\"true\" class=\"wp-block-cover__background has-background-dim-0 has-background-dim\"><\/span><img loading=\"lazy\" decoding=\"async\" width=\"1007\" height=\"1445\" class=\"wp-block-cover__image-background wp-image-352\" alt=\"\" src=\"http:\/\/www.pppy.fi\/wp-content\/uploads\/2022\/04\/IMG_6633-a-Mart-Laar-KaS-ja-Tuomo.jpg\" style=\"object-position:57% 29%\" data-object-fit=\"cover\" data-object-position=\"57% 29%\" srcset=\"https:\/\/www.pppy.fi\/wp-content\/uploads\/2022\/04\/IMG_6633-a-Mart-Laar-KaS-ja-Tuomo.jpg 1007w, https:\/\/www.pppy.fi\/wp-content\/uploads\/2022\/04\/IMG_6633-a-Mart-Laar-KaS-ja-Tuomo-209x300.jpg 209w, https:\/\/www.pppy.fi\/wp-content\/uploads\/2022\/04\/IMG_6633-a-Mart-Laar-KaS-ja-Tuomo-714x1024.jpg 714w, https:\/\/www.pppy.fi\/wp-content\/uploads\/2022\/04\/IMG_6633-a-Mart-Laar-KaS-ja-Tuomo-768x1102.jpg 768w\" sizes=\"auto, (max-width: 1007px) 100vw, 1007px\" \/><div class=\"wp-block-cover__inner-container is-layout-flow wp-block-cover-is-layout-flow\">\n<p class=\"has-text-align-center has-large-font-size\"><\/p>\n<\/div><\/div>\n<\/div>\n\n\n\n<div class=\"wp-block-column is-layout-flow wp-block-column-is-layout-flow\">\n<div class=\"wp-block-cover is-light\" style=\"min-height:225px;aspect-ratio:unset;\"><span aria-hidden=\"true\" class=\"wp-block-cover__background has-background-dim-0 has-background-dim\"><\/span><img loading=\"lazy\" decoding=\"async\" width=\"1920\" height=\"2560\" class=\"wp-block-cover__image-background wp-image-336\" alt=\"\" src=\"http:\/\/www.pppy.fi\/wp-content\/uploads\/2022\/02\/IMG_20220131_104821-scaled.jpg\" style=\"object-position:52% 15%\" data-object-fit=\"cover\" data-object-position=\"52% 15%\" srcset=\"https:\/\/www.pppy.fi\/wp-content\/uploads\/2022\/02\/IMG_20220131_104821-scaled.jpg 1920w, https:\/\/www.pppy.fi\/wp-content\/uploads\/2022\/02\/IMG_20220131_104821-225x300.jpg 225w, https:\/\/www.pppy.fi\/wp-content\/uploads\/2022\/02\/IMG_20220131_104821-768x1024.jpg 768w, https:\/\/www.pppy.fi\/wp-content\/uploads\/2022\/02\/IMG_20220131_104821-1152x1536.jpg 1152w, https:\/\/www.pppy.fi\/wp-content\/uploads\/2022\/02\/IMG_20220131_104821-1536x2048.jpg 1536w\" sizes=\"auto, (max-width: 1920px) 100vw, 1920px\" \/><div class=\"wp-block-cover__inner-container is-layout-flow wp-block-cover-is-layout-flow\">\n<p class=\"has-text-align-center has-large-font-size\"><\/p>\n<\/div><\/div>\n<\/div>\n\n\n\n<div class=\"wp-block-column is-layout-flow wp-block-column-is-layout-flow\">\n<div class=\"wp-block-cover\" style=\"min-height:225px;aspect-ratio:unset;\"><span aria-hidden=\"true\" class=\"wp-block-cover__background has-background-dim-0 has-background-dim\"><\/span><img loading=\"lazy\" decoding=\"async\" width=\"2560\" height=\"1751\" class=\"wp-block-cover__image-background wp-image-281\" alt=\"\" src=\"http:\/\/www.pppy.fi\/wp-content\/uploads\/2021\/08\/IMG_1955-c-18.-D-muistomerkki-scaled.jpg\" data-object-fit=\"cover\" srcset=\"https:\/\/www.pppy.fi\/wp-content\/uploads\/2021\/08\/IMG_1955-c-18.-D-muistomerkki-scaled.jpg 2560w, https:\/\/www.pppy.fi\/wp-content\/uploads\/2021\/08\/IMG_1955-c-18.-D-muistomerkki-300x205.jpg 300w, https:\/\/www.pppy.fi\/wp-content\/uploads\/2021\/08\/IMG_1955-c-18.-D-muistomerkki-1024x700.jpg 1024w, https:\/\/www.pppy.fi\/wp-content\/uploads\/2021\/08\/IMG_1955-c-18.-D-muistomerkki-768x525.jpg 768w, https:\/\/www.pppy.fi\/wp-content\/uploads\/2021\/08\/IMG_1955-c-18.-D-muistomerkki-1536x1051.jpg 1536w, https:\/\/www.pppy.fi\/wp-content\/uploads\/2021\/08\/IMG_1955-c-18.-D-muistomerkki-2048x1401.jpg 2048w\" sizes=\"auto, (max-width: 2560px) 100vw, 2560px\" \/><div class=\"wp-block-cover__inner-container is-layout-flow wp-block-cover-is-layout-flow\">\n<p class=\"has-text-align-center has-large-font-size\"><\/p>\n<\/div><\/div>\n<\/div>\n<\/div>\n\n\n\n<div class=\"wp-block-columns is-layout-flex wp-container-core-columns-is-layout-9 wp-block-columns-is-layout-flex\">\n<div class=\"wp-block-column is-layout-flow wp-block-column-is-layout-flow\">\n<div class=\"wp-block-buttons is-layout-flex wp-block-buttons-is-layout-flex\">\n<div class=\"wp-block-button aligncenter\"><a class=\"wp-block-button__link wp-element-button\" href=\"https:\/\/www.pppy.fi\/index.php\/2022\/04\/18\/tiedustelu-ja-kellotusmatka-viroon-9-10-3-2022\/\">Lue lis\u00e4\u00e4&#8230;<\/a><\/div>\n<\/div>\n<\/div>\n\n\n\n<div class=\"wp-block-column is-layout-flow wp-block-column-is-layout-flow\">\n<div class=\"wp-block-buttons is-layout-flex wp-block-buttons-is-layout-flex\">\n<div class=\"wp-block-button aligncenter\"><a class=\"wp-block-button__link wp-element-button\" href=\"https:\/\/www.pppy.fi\/index.php\/2022\/02\/15\/pajun-taistelun-muistopaiva\/\">Lue lis\u00e4\u00e4&#8230;<\/a><\/div>\n<\/div>\n<\/div>\n\n\n\n<div class=\"wp-block-column is-layout-flow wp-block-column-is-layout-flow\">\n<div class=\"wp-block-buttons is-layout-flex wp-block-buttons-is-layout-flex\">\n<div class=\"wp-block-button aligncenter\"><a class=\"wp-block-button__link wp-element-button\" href=\"https:\/\/www.pppy.fi\/index.php\/2021\/08\/23\/jatkosodan-alkamisen-80-v-muistojuhla-31-7-2021\/\">Lue lis\u00e4\u00e4&#8230;<\/a><\/div>\n<\/div>\n<\/div>\n<\/div>\n\n\n\n<div style=\"height:122px\" aria-hidden=\"true\" class=\"wp-block-spacer\"><\/div>\n\n\n\n<h2 class=\"wp-block-heading has-text-align-center\"><a href=\"https:\/\/www.pppy.fi\/index.php\/2021\/06\/26\/toimintasuunnitelma-2022\/\" data-type=\"post\" data-id=\"216\"><\/a><\/h2>\n","protected":false},"excerpt":{"rendered":"<p>Asikkalassa syntyneet-juhlan\u00e4yttely Pajarin p\u00e4iv\u00e4 12.12.2023 Sotahistoria- ja kulttuurimatka Ruotsiin ja Norjaan 24. &#8211; 29.4.2023 Sotahistoria- ja kulttuurimatka Viroon 26.5 &#8211; 29.5.2022 Tiedustelu- ja kellotusmatka Viroon 9. \u2013 10.3.2022 Pajun taistelun muistop\u00e4iv\u00e4 31.1.2022 Jatkosodan alkamisen 80-v muistojuhla 31.7.2021<\/p>\n","protected":false},"author":1,"featured_media":0,"parent":0,"menu_order":0,"comment_status":"closed","ping_status":"closed","template":"","meta":{"footnotes":""},"class_list":["post-1645","page","type-page","status-publish","hentry"],"_links":{"self":[{"href":"https:\/\/www.pppy.fi\/index.php\/wp-json\/wp\/v2\/pages\/1645","targetHints":{"allow":["GET"]}}],"collection":[{"href":"https:\/\/www.pppy.fi\/index.php\/wp-json\/wp\/v2\/pages"}],"about":[{"href":"https:\/\/www.pppy.fi\/index.php\/wp-json\/wp\/v2\/types\/page"}],"author":[{"embeddable":true,"href":"https:\/\/www.pppy.fi\/index.php\/wp-json\/wp\/v2\/users\/1"}],"replies":[{"embeddable":true,"href":"https:\/\/www.pppy.fi\/index.php\/wp-json\/wp\/v2\/comments?post=1645"}],"version-history":[{"count":6,"href":"https:\/\/www.pppy.fi\/index.php\/wp-json\/wp\/v2\/pages\/1645\/revisions"}],"predecessor-version":[{"id":1784,"href":"https:\/\/www.pppy.fi\/index.php\/wp-json\/wp\/v2\/pages\/1645\/revisions\/1784"}],"wp:attachment":[{"href":"https:\/\/www.pppy.fi\/index.php\/wp-json\/wp\/v2\/media?parent=1645"}],"curies":[{"name":"wp","href":"https:\/\/api.w.org\/{rel}","templated":true}]}}